 when b(-8) is divided by ((-3)/9)/(1/(-12))?
2
Suppose -19*u + 17*u - 5*h = -52, 4*u - 4*h - 104 = 0. Calculate the remainder when 51 is divided by u.
25
Let n = -66 - -104. Suppose -5*k + 57 = l - 3*l, 46 = 2*k + 5*l. Calculate the remainder when n is divided by k.
12
Calculate the remainder when (1 + -25)*(-70)/28 is divided by 21.
18
Suppose -2*b + 5 + 1 = 0. Suppose -3*p + 6 = 4*z - 9, -5*z + b*p = -39. Let u(l) = -5*l + 53. What is the remainder when z is divided by u(10)?
0
Let b(m) = 12*m - 23. Let v(d) = 2*d - 4. Let a(g) = 6*b(g) - 34*v(g). What is the remainder when a(27) is divided by 18?
16
Let r(y) = y**2 + 3*y - 39. What is the remainder when 6 is divided by r(5)?
0
Let r(v) = v**3 - 5*v**2 - 4*v + 4. Let a be (4/8)/((-3)/(-36)). What is the remainder when 77 is divided by r(a)?
13
Let v(y) = -2*y - 2. Let w be v(-2). Suppose 4*l - 38 - 6 = 3*j, -8 = -w*l - 2*j. What is the remainder when 31 is divided by l?
7
Let f be -10*2/8*-8. Let w = -10 + f. Let x = 16 - w. Calculate the remainder when 11 is divided by x.
5
Suppose -6*p + 306 = 11*p. Let h = 11 + 1. Suppose h + 9 = 3*v. Calculate the remainder when p is divided by v.
4
Suppose 44 + 58 = 2*b. Let z = 59 - b. Calculate the remainder when 45 is divided by z.
5
Let y(o) = 3*o**3 - 4*o**2 - 19*o + 54. What is the remainder when 332 is divided by y(3)?
38
Suppose 0 = -3*f + 4*g + 92, f - 3 = -2*g + 21. Calculate the remainder when 116 is divided by f.
4
Let h(q) = q**3 + 8*q**2 + 3*q + 5. Let m be h(-4). Suppose 30 = 3*f - j - 27, -3*f = 2*j - m. What is the remainder when 56 is divided by f?
18
Suppose 2*w = -x + 7, -x - 11 = -0*w - w. Suppose 8 - w = b + 5*g, -4*b - 5*g + 8 = 0. Calculate the remainder when 6 is divided by b.
0
Suppose 2*v = r, 0 = 5*v + 5*r - 8 - 7. Suppose -3*x + 16 = v. Suppose -x*j + 61 = -29. What is the remainder when j is divided by 7?
4
Let b(u) = -116*u + 23. Calculate the remainder when b(-4) is divided by 82.
77
Suppose -2*r + 3*r = 4*c - 3, 5*r - 33 = -4*c. Calculate the remainder when 25 is divided by r.
0
Let s(i) = i**3 + 10*i**2 + 10*i - 34. Calculate the remainder when 68 is divided by s(-8).
12
Let u = -18 - -46. Let g = 96 + u. What is the remainder when g is divided by 42?
40
Suppose -30 = -4*f + 5*n, 6*f - 16 = 2*f - 2*n. Suppose -f*c + 43 = -4*s, 3*s - 29 = -0*c - 5*c. What is the remainder when 16 is divided by c?
2
Let o be (-584)/(-10) + (-6)/(-10). Let n = -29 + o. Let w(c) = -c**3 - 10*c**2 - 18*c - 5. What is the remainder when n is divided by w(-8)?
8
Let r be -6 - -8 - (1 + -5). Suppose r*n = -16 + 130. What is the remainder when n is divided by 7?
5
Suppose -r = 4*r - 340. Calculate the remainder when 376/17 - 8/r is divided by 13.
9
Let z = -765 - -779. What is the remainder when 530 is divided by z?
12
Let p(l) = l**3 - 6*l**2 - l + 12. What is the remainder when 32 is divided by p(0)?
8
Suppose -4*g - 18 + 100 = -l, -36 = -2*g + 3*l. Let x(a) = -a**3 + 20*a**2 + 21*a + 7. Suppose -25 = -4*u + 55. What is the remainder when u is divided by x(g)?
6
Let i(s) = 4*s**2 + 2 - 8 - 2*s + 1 - s. Calculate the remainder when i(4) is divided by 8.
7
Suppose -22 - 266 = -32*v. Calculate the remainder when v is divided by 9.
0
Let x(l) = -27*l + 7. What is the remainder when x(-6) is divided by 5*1698/450 + 10/75?
17
Let g be (2/(-4))/((-1)/8). Suppose 3*l + 0*l - 65 = -4*n, g*n - 3*l = 95. What is the remainder when 40 + (-3 + 0)/1 is divided by n?
17
Let v = -844 + 998. Calculate the remainder when 317 is divided by v.
9
Suppose 85 = -0*i + i - 5*f, 4*i - 3*f = 408. Suppose -21 - i = -6*h. Calculate the remainder when 123 is divided by h.
18
What is the remainder when 53 is divided by (-4)/26 - ((-552)/39 + 7)?
4
Let r(h) = 26*h**2 - 8*h - 11. What is the remainder when r(-3) is divided by 5?
2
Let l = 5 + 96. Calculate the remainder when l is divided by 28.
17
Let v = 1 - -1. Suppose -v*l + 2*j + 26 = 0, 2*j - 2 = 4*j. Let k(w) = 3*w - 12. What is the remainder when k(11) is divided by l?
9
Let x(o) = -o**2 + 28*o - 55. What is the remainder when x(23) is divided by 1/(-3) - (-256)/12?
18
What is the remainder when 36 is divided by 151/17 + (-40)/(-340)?
0
Suppose -266 = -5*w + 409. Let z be 2*-1*w/(-18). Calculate the remainder when (5/z)/(1/9) is divided by 3.
0
Let l(a) = 8*a**2 - 49*a + 20. Calculate the remainder when 110 is divided by l(6).
12
Let p(x) = -3 + 2 - 4 - 2 + x**2 + 2*x. Let g be p(-5). Let j = g - 6. Calculate the remainder when 5 is divided by j.
1
Suppose -4*h = -11 - 1, 0 = -3*x + 5*h - 33. What is the remainder when 5 is divided by ((-8)/x)/((-36)/(-27))?
0
Let i be -3*(-12)/9 - 29. Let t = 34 + i. Calculate the remainder when 35 is divided by t.
8
Suppose -s + 69 = -8. Let r = -933 - -960. Calculate the remainder when s is divided by r.
23
Let a = 82 + 14. Let o(h) = 4*h**3 + 4*h**2 - 4*h. Let l be o(3). Suppose 0 = k + 3*k - l. Calculate the remainder when a is divided by k.
30
Let y(d) = 7*d - 2. Let n be 9*(6/(-3) + 3). Let g be 2/(-3) - (-42)/n. What is the remainder when y(g) is divided by 9?
8
Suppose 0 = -5*b - 3*p + 1016, -5*b + 3*p + 1437 = 403. Suppose 2*s + 104 = 4*s. What is the remainder when b is divided by s?
49
Let d(s) = -s**2 - 41*s - 298. What is the remainder when 82 is divided by d(-31)?
10
Calculate the remainder when (-13)/2*(4 + -10) is divided by 13.
0
Let c(k) = -2*k - 2. Let p be c(-3). Suppose -p*j = -3*j. Suppose j = 3*r - r - 2. Calculate the remainder when 2 is divided by r.
0
Suppose 13*s - 90 = 18*s. Let o = s + 38. What is the remainder when o is divided by 3?
2
Suppose -5*h + 5*y - 65 = 0, -2*h + 3*y - 59 = 3*h. Let c = 1 - 0. Let t = c - h. What is the remainder when 43 is divided by t?
10
Let a = -1335 + 1507. Calculate the remainder when a is divided by 88.
84
Let v(x) = -17*x - 18*x + 3 - 4. What is the remainder when v(-1) is divided by 4/46 - (-4100)/460?
7
Let f be (-1 - -8)/(5/(-25)). Calculate the remainder when 522/10 - (-7)/f is divided by 25 + (-4)/((-4)/2).
25
Let f = 163 - 83. Calculate the remainder when f is divided by 10 - ((-3)/3 + 2).
8
Let l(a) = a**3 + 18*a**2 - 23*a - 13. Let r be l(-19). Let i = r - -12. Calculate the remainder when i is divided by 13.
10
Suppose -5*a + 0*a = -4*s + 117, 0 = 2*s + 3*a - 31. What is the remainder when 34 is divided by s?
11
Suppose -3*o = -2*o - 3*w + 9, -9 = o + w. Suppose -305 = 7*g - 333. Calculate the remainder when (-124)/o + (-2)/(-9) is divided by g.
2
Suppose -3*l = -n - 13, -l + 7 + 0 = -n. What is the remainder when (-2)/(n/274*1) is divided by 35?
32
Suppose 2*m = -3*h + 31, -3*m - 2*h = -0*m - 59. Let b = -707 - -712. Calculate the remainder when m is divided by b.
3
Suppose 2*b = 2*k - 102, -3*k + 159 = 3*b - 4*b. What is the remainder when k is divided by 21?
12
Suppose 2 = -n + 1. Calculate the remainder when ((-6)/10)/(n/85) is divided by 13.
12
Let d(s) = s**3 - 6*s**2 + 5. Let x be d(6). Let n(t) = -t**2 - 3*t**2 - 12 + x*t**2 - 8*t. Calculate the remainder when n(11) is divided by 11.
10
Suppose t = -2*a + 14, -4*t - 5*a + 16 + 37 = 0. Calculate the remainder when t + 70 - (4 + 0) is divided by 16.
14
Suppose 2*o - 6*o = -8. Suppose -12 = -o*u - 2*v, -u - 2*v - 3*v = -10. Calculate the remainder when 14 is divided by u.
4
Let x be (2 + -6)*(-187)/4. Let w be 1/4 + 76/16. Suppose -5*a - w*d - 17 = -x, -d = -4. Calculate the remainder when a is divided by 8.
6
Let k be (-2 + 6)*(-558)/(-24). Let r = -58 + k. What is the remainder when r is divided by 13?
9
Suppose 50 = 2*p - 198. Let x = -54 + p. What is the remainder when x is divided by 18?
16
Suppose 7*a + 34 = 440. What is the remainder when 114 is divided by a?
56
Suppose 2*u - 5*u = 4*v - 194, 4*u - 2*v - 244 = 0. Let z(o) = 2*o**2 - 3*o - 12. What is the remainder when u is divided by z(4)?
6
Let a = 18 + 25. Let t = 17 + 6. Calculate the remainder when a is divided by t.
20
Let o be (-166)/(-7) + 18/63. Let g = 58 + o. What is the remainder when g is divided by 14?
12
Let u(f) = 40*f + 2. Let w be u(4). Suppose -4*s = 2*s - w. What is the remainder when 50 is divided by s?
23
Suppose -341 = -23*d - 42. Calculate the remainder when 256 is divided by d.
9
Suppose 18 = -0*m + 3*m. Suppose -n + 39 = -m. Calculate the remainder when 129 is divided b